r of 11685 and 12915?
615
What is the highest common divisor of 168 and 497?
7
Calculate the highest common factor of 790483 and 17.
17
What is the greatest common divisor of 30246 and 18?
6
What is the highest common divisor of 80752 and 7056?
784
Calculate the highest common factor of 124 and 44578.
62
Calculate the greatest common divisor of 222 and 376438.
74
Calculate the greatest common divisor of 156 and 814164.
156
Calculate the highest common divisor of 44 and 1601622.
22
Calculate the greatest common divisor of 290680 and 3870.
430
Calculate the greatest common factor of 169375 and 8125.
625
Calculate the greatest common factor of 209501 and 1149.
383
Calculate the highest common factor of 28 and 423801.
7
What is the greatest common divisor of 461911 and 118?
59
Calculate the highest common divisor of 12 and 40652.
4
What is the highest common divisor of 897 and 33228?
39
What is the highest common divisor of 44778 and 238?
34
Calculate the highest common factor of 7234815 and 210.
105
Calculate the highest common factor of 189272 and 354.
118
What is the greatest common divisor of 411604 and 34?
34
What is the highest common divisor of 17 and 532015?
17
What is the highest common divisor of 7661952 and 576?
576
What is the highest common divisor of 793 and 37?
1
Calculate the greatest common factor of 440 and 6556.
44
What is the greatest common divisor of 282198 and 42?
42
Calculate the greatest common factor of 252 and 136332.
252
Calculate the greatest common factor of 54 and 322053.
3
What is the greatest common divisor of 31088 and 603?
67
What is the greatest common factor of 4833 and 2241?
27
What is the greatest common factor of 157 and 24?
1
Calculate the greatest common divisor of 11112 and 30.
6
Calculate the highest common factor of 98 and 717724.
14
What is the highest common factor of 305 and 2379?
61
Calculate the greatest common factor of 4585 and 301.
7
What is the greatest common divisor of 83562 and 12?
6
What is the highest common divisor of 2337 and 18573?
123
What is the highest common divisor of 305553 and 5690?
569
Calculate the highest common factor of 850 and 4981.
17
Calculate the greatest common factor of 16428 and 41292.
444
What is the highest common divisor of 228 and 6456?
12
What is the highest common divisor of 49476 and 570?
114
Calculate the greatest common divisor of 113222 and 10.
2
What is the greatest common factor of 2328 and 3336?
24
What is the highest common factor of 8351256 and 24?
24
What is the greatest common factor of 8075 and 42313?
323
What is the greatest common divisor of 119007 and 7119?
63
What is the highest common factor of 5497 and 23?
23
Calculate the greatest common divisor of 145 and 165.
5
Calculate the greatest common factor of 19230 and 10560.
30
What is the greatest common factor of 6125 and 17738?
49
What is the highest common divisor of 2457 and 7722?
351
What is the greatest common factor of 3432487 and 17?
17
What is the highest common divisor of 24 and 136336?
8
What is the highest common divisor of 1408 and 1112?
8
What is the greatest common factor of 1135 and 20?
5
Calculate the greatest common factor of 936 and 1989.
117
Calculate the greatest common factor of 224518 and 49.
49
What is the highest common divisor of 26 and 4?
2
What is the greatest common factor of 63414 and 1638?
234
Calculate the highest common divisor of 80 and 591070.
10
What is the highest common divisor of 26944 and 128?
64
What is the greatest common divisor of 867078 and 72?
18
Calculate the greatest common factor of 10944 and 3306.
114
Calculate the greatest common divisor of 1024740 and 180.
180
Calculate the greatest common factor of 567 and 4501.
7
Calculate the highest common factor of 183121 and 149.
149
What is the highest common factor of 3290 and 26555?
235
What is the greatest common factor of 5964 and 13496?
28
Calculate the greatest common divisor of 430 and 85730.
10
What is the greatest common divisor of 3528 and 83888?
392
What is the highest common factor of 2600560 and 80?
80
Calculate the greatest common divisor of 4862 and 23452.
286
Calculate the highest common divisor of 6191 and 205.
41
Calculate the highest common divisor of 6876 and 1689204.
2292
Calculate the highest common factor of 74140 and 1100.
220
What is the greatest common factor of 98136 and 376?
376
Calculate the greatest common divisor of 105 and 159110.
35
What is the greatest common divisor of 186328 and 32?
8
What is the greatest common divisor of 646648 and 32?
8
What is the highest common divisor of 395467 and 93?
31
Calculate the greatest common divisor of 139 and 11924532.
139
What is the highest common divisor of 872 and 216?
8
What is the greatest common factor of 1372180 and 95?
95
Calculate the greatest common factor of 5013 and 4122.
9
What is the greatest common divisor of 29 and 184991?
29
What is the highest common factor of 87624 and 4716?
36
Calculate the greatest common divisor of 521 and 156.
1
Calculate the highest common factor of 13900 and 74700.
100
Calculate the greatest common factor of 15704 and 6149.
13
Calculate the highest common divisor of 18 and 118089.
9
What is the highest common factor of 3047 and 2079?
11
What is the highest common divisor of 2371098 and 174?
174
What is the highest common divisor of 6762670 and 20?
10
Calculate the highest common divisor of 2124 and 44250.
354
What is the greatest common divisor of 17 and 435863?
17
Calculate the greatest common divisor of 20 and 6017140.
20
Calculate the greatest common factor of 83152 and 16.
16
Calculate the greatest common factor of 12019 and 231795.
1717
Calculate the greatest common factor of 6922786 and 52.
26
Calculate the greatest common divisor of 615540 and 20.
20
Calculate the highest common divisor of 49469 and 407.
37
Calculate the greatest common divisor of 98 and 78694.
98
Calculate the highest common divisor of 1605 and 11663.
107
Calculate the greatest common divisor of 134 and 449637.
67
Calculate the greatest common divisor of 204190 and 70.
70
Calculate the greatest common factor of 609119 and 124.
31
What is the highest common factor of 14 and 43659?
7
Calculate the greatest common factor of 89928 and 27.
9
What is the greatest common divisor of 21721 and 48685?
749
Calculate the highest common divisor of 26 and 12340.
2
Calculate the greatest common factor of 528812 and 584.
292
Calculate the highest common divisor of 346536 and 416.
8
What is the greatest common factor of 394 and 2167?
197
What is the highest common divisor of 136023 and 3?
3
What is the greatest common divisor of 117601 and 275?
11
What is the highest common factor of 427448 and 816?
136
What is the highest common factor of 935 and 3080?
55
Calculate the highest common factor of 805 and 230.
115
Calculate the greatest common divisor of 245260 and 170.
10
What is the greatest common factor of 144 and 1104720?
48
Calculate the greatest common factor of 711802 and 182.
182
Calculate the highest common divisor of 308 and 3584.
28
Calculate the greatest common factor of 70031 and 117.
13
What is the greatest common divisor of 165144 and 315?
21
What is the highest common divisor of 192 and 786240?
192
Calculate the greatest common divisor of 66 and 36212.
22
What is the highest common factor of 31578 and 2622?
114
What is the greatest common factor of 95763 and 3288?
411
What is the greatest common divisor of 1093320 and 10?
10
Calculate the highest common divisor of 181266 and 12.
6
Calculate the highest common divisor of 1292 and 20.
4
Calculate the greatest common factor of 25156 and 284.
4
Calculate the greatest common factor of 428958 and 27.
9
Calculate the highest common divisor of 512 and 152.
8
Calculate the greatest common divisor of 17226 and 21222.
54
What is the greatest common divisor of 3846 and 54?
6
Calculate the greatest common divisor of 1167 and 127592.
389
What is the greatest common divisor of 954 and 24009?
159
Calculate the greatest common factor of 4233 and 357.
51
What is the highest common factor of 2 and 7289?
1
What is the highest common factor of 376 and 14617?
47
What is the greatest common divisor of 9 and 944631?
9
Calculate the highest common factor of 31045 and 35.
35
Calculate the greate